site?
True
Is 12349 a prime number?
False
Is 24949 a composite number?
True
Is 416183 composite?
True
Is 673967 a composite number?
True
Is 5997 a prime number?
False
Is 190039 prime?
False
Is 145991 a prime number?
True
Is 419455 a composite number?
True
Is 400679 a composite number?
False
Is 385789 prime?
False
Is 140347 a prime number?
False
Is 1694579 a composite number?
True
Is 161353 a prime number?
False
Is 10483 prime?
False
Is 150478 composite?
True
Is 4007 prime?
True
Is 128957 a composite number?
True
Is 621119 a prime number?
False
Is 80819 prime?
True
Is 895657 prime?
False
Is 30379 a composite number?
True
Is 1857371 a prime number?
True
Is 11901 a prime number?
False
Is 14197 composite?
False
Is 10223 composite?
False
Is 11906 composite?
True
Is 35831 prime?
True
Is 197602 a composite number?
True
Is 669839 a prime number?
True
Is 4590055 composite?
True
Is 145993 a composite number?
True
Is 1679 composite?
True
Is 16241 a composite number?
True
Is 39599 composite?
True
Is 6941 composite?
True
Is 1350631 prime?
False
Is 10753 prime?
True
Is 829 composite?
False
Is 18641 a prime number?
False
Is 15209 a prime number?
False
Is 175499 a composite number?
False
Is 182165 prime?
False
Is 3547 a prime number?
True
Is 53026 prime?
False
Is 136613 prime?
False
Is 82591 a composite number?
False
Is 109601 a composite number?
True
Is 9445 composite?
True
Is 24437 composite?
True
Is 1163 composite?
False
Is 2564585 composite?
True
Is 1033174 composite?
True
Is 386471 a composite number?
False
Is 17291 composite?
False
Is 5227 prime?
True
Is 184439 prime?
False
Is 59713 a prime number?
False
Is 44483 prime?
True
Is 419 composite?
False
Is 1493743 a composite number?
False
Is 6439 a composite number?
True
Is 517301 a composite number?
True
Is 178726 a prime number?
False
Is 1061 a composite number?
False
Is 15959 a composite number?
False
Is 528509 prime?
True
Is 10417 a prime number?
False
Is 774283 a prime number?
True
Is 104773 a prime number?
True
Is 15073 composite?
False
Is 162091 a prime number?
True
Is 92623 a composite number?
False
Is 133379 prime?
True
Is 2351857 composite?
False
Is 105649 composite?
False
Is 985 composite?
True
Is 435373 prime?
False
Is 228539 a prime number?
True
Is 1526807 a composite number?
False
Is 12841 prime?
True
Is 4111 a prime number?
True
Is 18965 a composite number?
True
Is 6349 a prime number?
False
Is 241793 a prime number?
True
Is 381911 a composite number?
False
Is 661361 prime?
True
Is 13681 a prime number?
True
Is 71291 composite?
True
Is 176699 a prime number?
True
Is 1056707 composite?
False
Is 26153 composite?
False
Is 100879 a composite number?
True
Is 46001 a composite number?
True
Is 14479 composite?
False
Is 1487917 prime?
True
Is 31121 composite?
False
Is 2719 a prime number?
True
Is 178387 composite?
True
Is 301211 a composite number?
False
Is 4333 prime?
False
Is 13171 prime?
True
Is 5951 a prime number?
False
Is 4271 a composite number?
False
Is 668821 a composite number?
False
Is 19193 prime?
False
Is 395399 a prime number?
False
Is 1954861 prime?
False
Is 7091 a prime number?
False
Is 12226 composite?
True
Is 34063 composite?
True
Is 553277 prime?
True
Is 1201909 a composite number?
False
Is 97765 a composite number?
True
Is 5191 prime?
False
Is 313393 prime?
False
Is 122021 a composite number?
False
Is 521 prime?
True
Is 4393 a prime number?
False
Is 165439 prime?
False
Is 110863 a composite number?
False
Is 540307 composite?
False
Is 168193 a prime number?
True
Is 77483 a prime number?
False
Is 9533 composite?
False
Is 174567 composite?
True
Is 116159 prime?
True
Is 4729969 a prime number?
False
Is 3418 composite?
True
Is 1821289 prime?
True
Is 694561 composite?
True
Is 794293 a composite number?
True
Is 1114709 a composite number?
False
Is 7451 a composite number?
False
Is 1055 composite?
True
Is 1949 composite?
False
Is 78737 prime?
True
Is 4721 prime?
True
Is 30767 a composite number?
True
Is 199181 composite?
False
Is 722749 a composite number?
False
Is 8726 prime?
False
Is 21467 a prime number?
True
Is 3643 a prime number?
True
Is 774322 prime?
False
Is 5471 a prime number?
True
Is 128507 a prime number?
False
Is 40811 prime?
False
Is 289529 prime?
False
Is 3107 a prime number?
False
Is 25889 prime?
True
Is 66841 a prime number?
True
Is 5901095 a composite number?
True
Is 8209 prime?
True
Is 10973 composite?
False
Is 99289 a prime number?
True
Is 23 prime?
True
Is 3431459 a prime number?
True
Is 389761 prime?
True
Is 12679 a prime number?
False
Is 1163119 a composite number?
False
Is 7899 a prime number?
False
Is 331 a composite number?
False
Is 165157 prime?
False
Is 90053 prime?
True
Is 48943 a composite number?
True
Is 157259 composite?
False
Is 113891 prime?
True
Is 97729 a prime number?
True
Is 509107 prime?
False
Is 21179 a composite number?
False
Is 99394 composite?
True
Is 25523 a prime number?
True
Is 3527 composite?
False
Is 16291 a composite number?
True
Is 345937 a prime number?
True
Is 214843 a prime number?
False
Is 19231 composite?
False
Is 20849 a composite number?
False
Is 243469 prime?
True
Is 10223 a composite number?
False
Is 13367 a composite number?
False
Is 305827 composite?
True
Is 1517 prime?
False
Is 132421 a composite number?
False
Is 997627 a composite number?
False
Is 87383 prime?
True
Is 70373 prime?
True
Is 3667 prime?
False
Is 7159 prime?
True
Is 47863 prime?
False
Is 3309 prime?
False
Is 163 a prime number?
True
Is 22433 a composite number?
False
Is 690457 composite?
True
Is 8161 a composite number?
False
Is 4721 a composite number?
False
Is 85081 composite?
False
Is 20791 prime?
False
Is 7763 a prime number?
False
Is 3022846 a composite number?
True
Is 1754527 a composite number?
False
Is 254477 composite?
True
Is 34682 a prime number?
False
Is 12634 composite?
True
Is 84923 a composite number?
True
Is 388787 composite?
True
Is 587 a prime number?
True
Is 6514 prime?
False
Is 55343 composite?
False
Is 171055 a prime number?
False
Is 8441 composite?
True
Is 165287 composite?
False
Is 382247 prime?
False
Is 77017 a prime number?
True
Is 121 composite?
True
Is 70991 composite?
False
Is 209897 composite?
True
Is 6439 prime?
False
Is 726679 prime?
True
Is 23719 a prime number?
True
Is 13997 a composite number?
False
Is 300073 a prime number?
True
Is 962633 a prime number?
False
Is 217111 a prime number?
True
Is 24307 prime?
False
Is 185011 a composite number?
True
Is 80165 a composite number?
True
Is 48651 prime?
False
Is 1397 composite?
True
Is 151517 a prime number?
True
Is 1765 prime?
False
Is 714237 composite?
True
Is 37769 a prime number?
False
Is 17521 composite?
True
Is 78911 a composite number?
True
Is 2569 a composite number?
True
Is 52791 prime?
False
Is 546847 a prime number?
False
Is 180613 composite?
True
Is 18511 prime?
False
Is 249703 prime?
True
Is 124967 a prime number?
False
Is 215669 a composite number?
True
Is 54737 a composite number?
True
Is 1921 composite?
True
Is 56299 prime?
True
Is 3457 prime?
True
Is 91283 a prime number?
True
Is 148501 a prime number?
True
Is 238991 a composite number?
False
Is 793 prime?
False
Is 72587 a composite number?
True
Is 62102 a prime number?
False
Is 63179 a prime number?
True
Is 4001 prime?
True
Is 296797 composite?
False
Is 78497 composite?
False
Is 2099 composite?
False
Is 203869 composite?
False
Is 25013 a composite number?
False
Is 1733 a composite number?
False
Is 1782623 a prime number?
False
Is 4581569 a composite number?
False
Is 7897 composite?
True
Is 6617 a prime number?
False
Is 17093 composite?
False
Is 208609 composite?
False
Is 41719 a composite number?
False
Is 440087 composite?
False
Is 218543 prime?
False
Is 20681 a composite number?
False
Is 56083 a composite number?
True
Is 866107 prime?
False
Is 8513 a prime number?
True
Is 23917 composite?
False
Is 2503 prime?
True
Is 18959 prime?
True
Is 53047 composite?
False
Is 102553 prime?
False
Is 1085021 a composite number?
True
Is 3691 a prime number?
True
Is 887 prime?
True
Is 73819 prime?
True
Is 16721 prime?
False
Is 3592213 composite?
False
Is 432923 prime?
True
Is 1360589 a prime number?
True
Is 21377 a composite number?
False
Is 5261 a composite number?
False
Is 48903 composite?
True
Is 559 prime?
False
Is 169183 comp